111000101011 (base 2) to base 11
-27a8
1868 (base 11) to base 7
6630
What is 18062 (base 10) in base 13?
82b5
What is 3023 (base 4) in base 9?
245
Convert -209 (base 13) to base 3.
-110212
What is ac (base 14) in base 6?
412
21ba1 (base 14) to base 12
3b469
Convert 32323 (base 5) to base 6.
14125
What is -717 (base 9) in base 13?
-35b
c9b8 (base 14) to base 2
1000100000100110
What is 221 (base 9) in base 4?
2311
-be (base 15) to base 2
-10110011
What is -17a (base 16) in base 14?
-1d0
Convert -10002211 (base 3) to base 8.
-4327
Convert -1150315 (base 6) to base 10.
-61031
1120210201 (base 3) to base 6
400244
76 (base 10) to base 3
2211
Convert 13915 (base 11) to base 14.
729d
What is a29f (base 16) in base 3?
2010002220
What is 75722 (base 10) in base 2?
10010011111001010
What is 11331 (base 4) in base 8?
575
-1306 (base 9) to base 3
-1100020
20221222 (base 3) to base 6
35255
What is 7895 (base 11) in base 5?
313024
What is -34201 (base 5) in base 6?
-15122
Convert 14203 (base 5) to base 7.
3302
-253 (base 15) to base 9
-646
What is 2120210122 (base 3) in base 8?
143305
What is -1243 (base 12) in base 2?
-100000010011
-47962 (base 10) to base 6
-1010014
-1473 (base 8) to base 3
-1010122
-21034 (base 9) to base 12
-804a
What is -110432 (base 5) in base 7?
-14163
1224002 (base 5) to base 13
a9a6
What is 10001101100 (base 2) in base 3?
1112221
Convert -2767 (base 8) to base 7.
-4311
What is -20430 (base 5) in base 8?
-2525
Convert -32311 (base 4) to base 2.
-1110110101
Convert -1873 (base 12) to base 9.
-4056
-2846 (base 10) to base 13
-13ac
What is 3532 (base 7) in base 12?
901
Convert 1222 (base 9) to base 10.
911
What is -112110 (base 3) in base 6?
-1450
Convert -176 (base 11) to base 10.
-204
What is -695 (base 11) in base 9?
-1122
What is 317 (base 10) in base 13?
1b5
What is 1343 (base 11) in base 6?
12021
c48 (base 13) to base 5
31323
2122201 (base 3) to base 7
5434
What is -824 (base 12) in base 7?
-3304
What is -1191 (base 15) in base 5?
-104421
What is b84e (base 16) in base 7?
254362
-14 (base 7) to base 4
-23
-3671 (base 9) to base 14
-dd7
What is -13302303 (base 4) in base 2?
-111110010110011
What is 788 (base 10) in base 8?
1424
1021220212 (base 3) to base 12
12895
Convert 202 (base 7) to base 16.
64
Convert 204 (base 6) to base 11.
6a
What is -251 (base 16) in base 4?
-21101
What is -ba (base 12) in base 11?
-11a
Convert 313 (base 16) to base 15.
377
-203302 (base 4) to base 11
-17a2
10134 (base 5) to base 10
669
What is -141b (base 13) in base 4?
-231101
110100101110 (base 2) to base 15
eee
-12858 (base 9) to base 5
-234340
What is 2360 (base 15) in base 13?
3561
What is -3366 (base 9) in base 11?
-1964
Convert -2ac (base 15) to base 8.
-1144
What is -101011100111110 (base 2) in base 8?
-53476
What is -3449 (base 11) in base 2?
-1000110110010
-20210002 (base 3) to base 11
-3794
Convert 499 (base 10) to base 12.
357
What is -c9b (base 15) in base 7?
-11204
What is -3111230 (base 4) in base 8?
-32554
Convert -389b (base 16) to base 9.
-21781
What is 302030 (base 5) in base 6?
112344
Convert 547 (base 12) to base 7.
2155
Convert 173 (base 14) to base 12.
209
Convert 4413 (base 5) to base 11.
503
-e8 (base 16) to base 3
-22121
Convert 38a (base 12) to base 9.
657
-2700 (base 10) to base 15
-c00
What is -1011000 (base 5) in base 14?
-5d79
Convert -6494 (base 10) to base 11.
-4974
What is 276 (base 14) in base 9?
611
-335 (base 11) to base 10
-401
What is 10100100 (base 2) in base 6?
432
What is 1116 (base 13) in base 8?
4521
Convert -1230010 (base 4) to base 11.
-5218
-7008 (base 10) to base 15
-2123
-24654 (base 7) to base 11
-4986
Convert -1245 (base 7) to base 12.
-336
What is -363b (base 12) in base 15?
-1c15
b410 (base 12) to base 5
1111341
Convert -34413 (base 5) to base 12.
-152b
1141142 (base 5) to base 15
6532
What is -2086c (base 14) in base 3?
-10222200021
Convert 2432 (base 6) to base 10.
596
10001111100 (base 2) to base 10
1148
What is -1993 (base 12) in base 16?
-c3f
Convert -6126 (base 8) to base 10.
-3158
Convert -1001120220 (base 3) to base 16.
-5169
What is 123121 (base 4) in base 6?
12041
What is 16047 (base 8) in base 11?
5462
What is 10000010001 (base 2) in base 13?
621
Convert -11212 (base 4) to base 9.
-437
Convert 478 (base 12) to base 16.
29c
Convert -1a3 (base 11) to base 10.
-234
What is 134 (base 9) in base 12?
94
Convert -11437 (base 9) to base 8.
-16740
What is -3c0 (base 16) in base 15?
-440
Convert 13211 (base 4) to base 10.
485
-2113 (base 9) to base 13
-924
100011111000101 (base 2) to base 9
27174
-11100010000 (base 2) to base 9
-2428
-5111 (base 11) to base 15
-2028
Convert 2768 (base 9) to base 10.
2087
-3658 (base 9) to base 10
-2726
What is 11001111100011 (base 2) in base 15?
3e08
527 (base 13) to base 9
1175
Convert db (base 15) to base 8.
316
-878 (base 13) to base 11
-10aa
Convert 1032 (base 8) to base 14.
2a6
Convert 2035 (base 8) to base 3.
1110000
111111101010101 (base 2) to base 9
48638
281b (base 12) to base 9
6315
What is 12010121 (base 3) in base 8?
7236
Convert 3964 (base 10) to base 4.
331330
What is 8c (base 15) in base 8?
204
34dc (base 14) to base 15
2ae0
What is -2809 (base 11) in base 4?
-320313
111413 (base 5) to base 7
14420
Convert 2616 (base 7) to base 4.
33201
What is -2215 (base 6) in base 14?
-28b
2210202 (base 3) to base 2
11111111101
-550 (base 11) to base 3
-220110
136 (base 14) to base 10
244
Convert 6ff (base 16) to base 15.
7e6
What is -122e (base 15) in base 3?
-12022022
Convert -5def (base 16) to base 12.
-11abb
What is -476 (base 11) in base 12?
-3b3
What is 2da5 (base 16) in base 9?
17023
What is -22233120 (base 4) in base 7?
-242154
What is 13252 (base 6) in base 11?
15a2
What is -a17 (base 12) in base 14?
-763
Convert 10101000101110 (base 2) to base 3.
112210221
Convert 202010 (base 3) to base 8.
1037
What is -120355 (base 6) in base 4?
-2210033
2271 (base 8) to base 14
625
What is 10010010111110 (base 2) in base 10?
9406
What is -5205 (base 9) in base 15?
-11e2
What is 3541 (base 10) in base 9?
4764
-20630 (base 7) to base 3
-21000112
What is 7e15 (base 15) in base 7?
141056
What is 3031 (base 4) in base 16?
cd
Convert -1000010110100 (base 2) to base 16.
-10b4
Convert 4c2 (base 15) to base 9.
1432
-56633 (base 7) to base 12
-83a5
-5be0 (base 15) to base 13
-8b98
What is 1340 (base 8) in base 13?
448
-3210210 (base 4) to base 14
-548c
Convert 1428 (base 11) to base 16.
735
1b23d (base 14) to base 2
10000110110110111
What is -443 (base 10) in base 4?
-12323
What is -1023312 (base 4) in base 16?
-12f6
327 (base 16) to base 5
11212
What is -2131312 (base 4) in base 7?
-41311
-1310130 (base 4) to base 10
-7452
-1101111110 (base 2) to base 8
-1576
Convert 4036 (base 8) to base 13.
c3b
-2d1c (base 15) to base 6
-112530
What is 230 (base 8) in base 9?
178
What is -410022 (base 6) in base 11?
-22398
-2543 (base 13) to base 6
-40302
111100102 (base 3) to base 11
7347
What is -1000101110 (base 2) in base 11?
-468
Convert -22025 (base 8) to base 15.
-2b0c
What is 95ca (base 13) in base 7?
114411
What is -1000001011 (base 2) in base 11?
-436
-24400 (base 5) to base 2
-11100111010
5a4 (base 12) to base 5
11334
What is 20112200 (base 4) in base 9?
51828
Convert -310404 (base 6) to base 10.
-24772
Convert 2515 (base 6) to base 16.
26f
Convert -a3a (base 14) to base 4.
-133130
Convert 13001 (base 5) to base 6.
4345
-1045 (base 8) to base 7
-1413
1759c (base 13) to base 8
127562
What is -5425 (base 11) in base 13?
-3353
What is -858 (base 12) in base 13?
-72b
Convert -1083 (base 16) to base 7.
-15216
Convert 21553 (base 6) to base 8.
5715
-1935 (base 15) to base 6
-41122
-7a0 (base 15) to base 2
-11010111101
What is 1101102112 (base 3) in base 7?
142355
What is 12020321 (base 4) in base 6?
312225
What is 12606 (base 7) in base 9?
4573
What is 143a (base 11) in base 4?
131002
-10121 (base 4) to base 13
-188
What is 698 (base 10) in base 11?
585
What is -7664 (base 8) in base 12?
-23b0
Convert 11415 (base 12) to base 5.
1214212
2244 (base 7) to base 13
4aa
-22 (base 13) to base 5
-103
Convert 657 (base 8) to base 12.
2bb
Convert 210022 (base 3) to base 5.
4300
Convert 11103 (base 4) to base 10.
339
Convert 101100110010 (base 2) to base 6.
21134
80184 (base 9) to base 7
306325
